{"id":511,"date":"2017-04-18T11:01:01","date_gmt":"2017-04-18T09:01:01","guid":{"rendered":"http:\/\/fachautotech.justauthentic.de\/motorsport\/?page_id=10"},"modified":"2026-04-16T11:58:15","modified_gmt":"2026-04-16T09:58:15","slug":"saison","status":"publish","type":"page","link":"https:\/\/fachautotech.ch\/motorsport\/saison\/","title":{"rendered":"Saison"},"content":{"rendered":"<p style=\"text-align: left\">\n<div class=\"row\">\n<p style=\"text-align: left\">\n<div class=\"col-xs-12 col-lg-6 text-center\">\n<h2 style=\"text-align: left\">GT Open International<\/h2>\n<p style=\"text-align: left\">Die International GT Open ist eine der renommiertesten GT3-Rennserien Europas. Sie richtet sich an professionelle Fahrer, ambitionierte Nachwuchstalente sowie erfahrene Amateure und verbindet hochklassigen Motorsport mit internationaler B\u00fchne.<\/p>\n<p style=\"text-align: left\">Gefahren wird auf bekannten Rennstrecken in ganz Europa, wobei leistungsstarke GT3-Fahrzeuge f\u00fchrender Hersteller zum Einsatz kommen. Die Serie steht f\u00fcr spannende Rennen, ein starkes Starterfeld und ein professionelles Umfeld, das sportlichen Wettbewerb und Markenpr\u00e4senz auf h\u00f6chstem Niveau vereint.<\/p>\n<p style=\"text-align: left\"><strong>Kalender<\/strong><\/p>\n<div style=\"text-align: left\">\n<p>16.04. \u2013 19.04.2026\u00a0 \u00a0Portimao<br \/>15.05. \u2013 17.05.2026\u00a0 \u00a0Spa-Francorchamps\u00a0<br \/>05.06. \u2013 07.06.2026\u00a0 \u00a0Misano<br \/>03.07. \u2013 05.07.2026\u00a0 \u00a0Hungaroring<br \/>17.07. \u2013 19.07.2026\u00a0 \u00a0Paul Ricard<br \/>11.09. \u2013 13.09.2026\u00a0 \u00a0Hockenheim<br \/>25.09. \u2013 27.09.2026\u00a0 \u00a0Monza<br \/>23.10. \u2013 25.10.2026\u00a0 \u00a0Barcelona<\/p>\n<p>M\u00f6chtest du die Action einmal live und hautnah erleben? Dann kontaktiere uns unter <strong data-start=\"369\" data-end=\"394\"><a class=\"decorated-link cursor-pointer\" rel=\"noopener\" data-start=\"371\" data-end=\"392\">neichenberger@fach.ch<\/a><\/strong><\/p>\n<\/div>\n<p style=\"text-align: left\"><\/div>\n<\/p>\n<p style=\"text-align: left\">\n<div class=\"col-xs-12 col-lg-6 text-center\">\n<h2 style=\"text-align: left\">Porsche Sports Cup Suisse<\/h2>\n<p style=\"text-align: left\">Der Porsche Sports Cup Suisse ist eine Schweizer Kundensportserie und schliesst die L\u00fccke zwischen der Porsche Sport Driving School Suisse und den Porsche Markenpokalen. In den verschiedenen Klassen gehen f\u00fcr den Rennsport modifizierte Porsche-Modelle sowie Strassenvarianten ins Rennen. Ausgetragen wird die Porsche-Serie auf sechs renomierten Strecken rund um die Schweiz.<\/p>\n<p style=\"text-align: left\"><strong>Kalender<\/strong><\/p>\n<div style=\"text-align: left\">\n<p>08.04. \u2013 11.04.2026\u00a0 \u00a0Portimao<br \/>30.04. \u2013 02.05.2026\u00a0 \u00a0Monza<br \/>26.06. \u2013 28.06.2026\u00a0 \u00a0Imola<br \/>16.07. \u2013 18.07.2026\u00a0 \u00a0Redbullring\u00a0 \u00a0 \u00a0 \u00a0 \u00a0 \u00a0\u00a0<br \/>24.09. \u2013 26.09.2026\u00a0 \u00a0Mugello\u00a0 \u00a0 \u00a0 \u00a0 \u00a0 \u00a0 \u00a0 \u00a0<br \/>22.10. \u2013 24.10.2026\u00a0 Misano<\/p>\n<\/div>\n<p style=\"text-align: left\">\n<\/div>\n<\/p>\n<p style=\"text-align: left\">\n<\/div>\n<\/p>\n<div class=\"row\">\n<div class=\"col-xs-12 col-lg-6 text-center\">\n<h2 style=\"text-align: left\">Trackdays<\/h2>\n<p style=\"text-align: left\">Den Traum Wirklichkeit werden lassen und Rennwagen auf einer Rennstrecke zu fahren &#8211; das ist bei den Trackdays m\u00f6glich.<\/p>\n<p>Kontaktieren Sie und gerne f\u00fcr Infos zu geplanten Veranstaltungen.<\/p>\n<div style=\"text-align: left\">\n<\/div>\n<\/div>\n<\/div><\/p>\n","protected":false},"excerpt":{"rendered":"","protected":false},"author":2,"featured_media":0,"parent":0,"menu_order":0,"comment_status":"closed","ping_status":"closed","template":"","meta":{"footnotes":""},"class_list":["post-511","page","type-page","status-publish","hentry"],"yoast_head":"<!-- This site is optimized with the Yoast SEO plugin v27.5 - https:\/\/yoast.com\/product\/yoast-seo-wordpress\/ -->\n<title>Saison - FACH AUTO TECH Motorsport<\/title>\n<meta name=\"robots\" content=\"index, follow, max-snippet:-1, max-image-preview:large, max-video-preview:-1\" \/>\n<link rel=\"canonical\" href=\"https:\/\/fachautotech.ch\/motorsport\/saison\/\" \/>\n<meta property=\"og:locale\" content=\"de_DE\" \/>\n<meta property=\"og:type\" content=\"article\" \/>\n<meta property=\"og:title\" content=\"Saison - FACH AUTO TECH Motorsport\" \/>\n<meta property=\"og:url\" content=\"https:\/\/fachautotech.ch\/motorsport\/saison\/\" \/>\n<meta property=\"og:site_name\" content=\"FACH AUTO TECH Motorsport\" \/>\n<meta property=\"article:publisher\" content=\"https:\/\/www.facebook.com\/fachautotech\/\" \/>\n<meta property=\"article:modified_time\" content=\"2026-04-16T09:58:15+00:00\" \/>\n<meta name=\"twitter:card\" content=\"summary_large_image\" \/>\n<meta name=\"twitter:label1\" content=\"Gesch\u00e4tzte Lesezeit\" \/>\n\t<meta name=\"twitter:data1\" content=\"2\u00a0Minuten\" \/>\n<script type=\"application\/ld+json\" class=\"yoast-schema-graph\">{\"@context\":\"https:\\\/\\\/schema.org\",\"@graph\":[{\"@type\":\"WebPage\",\"@id\":\"https:\\\/\\\/fachautotech.ch\\\/motorsport\\\/saison\\\/\",\"url\":\"https:\\\/\\\/fachautotech.ch\\\/motorsport\\\/saison\\\/\",\"name\":\"Saison - FACH AUTO TECH Motorsport\",\"isPartOf\":{\"@id\":\"https:\\\/\\\/fachautotech.ch\\\/motorsport\\\/#website\"},\"datePublished\":\"2017-04-18T09:01:01+00:00\",\"dateModified\":\"2026-04-16T09:58:15+00:00\",\"breadcrumb\":{\"@id\":\"https:\\\/\\\/fachautotech.ch\\\/motorsport\\\/saison\\\/#breadcrumb\"},\"inLanguage\":\"de\",\"potentialAction\":[{\"@type\":\"ReadAction\",\"target\":[\"https:\\\/\\\/fachautotech.ch\\\/motorsport\\\/saison\\\/\"]}]},{\"@type\":\"BreadcrumbList\",\"@id\":\"https:\\\/\\\/fachautotech.ch\\\/motorsport\\\/saison\\\/#breadcrumb\",\"itemListElement\":[{\"@type\":\"ListItem\",\"position\":1,\"name\":\"Startseite\",\"item\":\"https:\\\/\\\/fachautotech.ch\\\/motorsport\\\/\"},{\"@type\":\"ListItem\",\"position\":2,\"name\":\"Saison\"}]},{\"@type\":\"WebSite\",\"@id\":\"https:\\\/\\\/fachautotech.ch\\\/motorsport\\\/#website\",\"url\":\"https:\\\/\\\/fachautotech.ch\\\/motorsport\\\/\",\"name\":\"FACH AUTO TECH Motorsport\",\"description\":\"\",\"publisher\":{\"@id\":\"https:\\\/\\\/fachautotech.ch\\\/motorsport\\\/#organization\"},\"potentialAction\":[{\"@type\":\"SearchAction\",\"target\":{\"@type\":\"EntryPoint\",\"urlTemplate\":\"https:\\\/\\\/fachautotech.ch\\\/motorsport\\\/?s={search_term_string}\"},\"query-input\":{\"@type\":\"PropertyValueSpecification\",\"valueRequired\":true,\"valueName\":\"search_term_string\"}}],\"inLanguage\":\"de\"},{\"@type\":\"Organization\",\"@id\":\"https:\\\/\\\/fachautotech.ch\\\/motorsport\\\/#organization\",\"name\":\"FACH AUTO TECH\",\"url\":\"https:\\\/\\\/fachautotech.ch\\\/motorsport\\\/\",\"logo\":{\"@type\":\"ImageObject\",\"inLanguage\":\"de\",\"@id\":\"https:\\\/\\\/fachautotech.ch\\\/motorsport\\\/#\\\/schema\\\/logo\\\/image\\\/\",\"url\":\"https:\\\/\\\/fachautotech.ch\\\/wp-content\\\/uploads\\\/2017\\\/05\\\/FACH-AUTO-TECH-Logo_original.jpg\",\"contentUrl\":\"https:\\\/\\\/fachautotech.ch\\\/wp-content\\\/uploads\\\/2017\\\/05\\\/FACH-AUTO-TECH-Logo_original.jpg\",\"width\":202,\"height\":31,\"caption\":\"FACH AUTO TECH\"},\"image\":{\"@id\":\"https:\\\/\\\/fachautotech.ch\\\/motorsport\\\/#\\\/schema\\\/logo\\\/image\\\/\"},\"sameAs\":[\"https:\\\/\\\/www.facebook.com\\\/fachautotech\\\/\"]}]}<\/script>\n<!-- \/ Yoast SEO plugin. -->","yoast_head_json":{"title":"Saison - FACH AUTO TECH Motorsport","robots":{"index":"index","follow":"follow","max-snippet":"max-snippet:-1","max-image-preview":"max-image-preview:large","max-video-preview":"max-video-preview:-1"},"canonical":"https:\/\/fachautotech.ch\/motorsport\/saison\/","og_locale":"de_DE","og_type":"article","og_title":"Saison - FACH AUTO TECH Motorsport","og_url":"https:\/\/fachautotech.ch\/motorsport\/saison\/","og_site_name":"FACH AUTO TECH Motorsport","article_publisher":"https:\/\/www.facebook.com\/fachautotech\/","article_modified_time":"2026-04-16T09:58:15+00:00","twitter_card":"summary_large_image","twitter_misc":{"Gesch\u00e4tzte Lesezeit":"2\u00a0Minuten"},"schema":{"@context":"https:\/\/schema.org","@graph":[{"@type":"WebPage","@id":"https:\/\/fachautotech.ch\/motorsport\/saison\/","url":"https:\/\/fachautotech.ch\/motorsport\/saison\/","name":"Saison - FACH AUTO TECH Motorsport","isPartOf":{"@id":"https:\/\/fachautotech.ch\/motorsport\/#website"},"datePublished":"2017-04-18T09:01:01+00:00","dateModified":"2026-04-16T09:58:15+00:00","breadcrumb":{"@id":"https:\/\/fachautotech.ch\/motorsport\/saison\/#breadcrumb"},"inLanguage":"de","potentialAction":[{"@type":"ReadAction","target":["https:\/\/fachautotech.ch\/motorsport\/saison\/"]}]},{"@type":"BreadcrumbList","@id":"https:\/\/fachautotech.ch\/motorsport\/saison\/#breadcrumb","itemListElement":[{"@type":"ListItem","position":1,"name":"Startseite","item":"https:\/\/fachautotech.ch\/motorsport\/"},{"@type":"ListItem","position":2,"name":"Saison"}]},{"@type":"WebSite","@id":"https:\/\/fachautotech.ch\/motorsport\/#website","url":"https:\/\/fachautotech.ch\/motorsport\/","name":"FACH AUTO TECH Motorsport","description":"","publisher":{"@id":"https:\/\/fachautotech.ch\/motorsport\/#organization"},"potentialAction":[{"@type":"SearchAction","target":{"@type":"EntryPoint","urlTemplate":"https:\/\/fachautotech.ch\/motorsport\/?s={search_term_string}"},"query-input":{"@type":"PropertyValueSpecification","valueRequired":true,"valueName":"search_term_string"}}],"inLanguage":"de"},{"@type":"Organization","@id":"https:\/\/fachautotech.ch\/motorsport\/#organization","name":"FACH AUTO TECH","url":"https:\/\/fachautotech.ch\/motorsport\/","logo":{"@type":"ImageObject","inLanguage":"de","@id":"https:\/\/fachautotech.ch\/motorsport\/#\/schema\/logo\/image\/","url":"https:\/\/fachautotech.ch\/wp-content\/uploads\/2017\/05\/FACH-AUTO-TECH-Logo_original.jpg","contentUrl":"https:\/\/fachautotech.ch\/wp-content\/uploads\/2017\/05\/FACH-AUTO-TECH-Logo_original.jpg","width":202,"height":31,"caption":"FACH AUTO TECH"},"image":{"@id":"https:\/\/fachautotech.ch\/motorsport\/#\/schema\/logo\/image\/"},"sameAs":["https:\/\/www.facebook.com\/fachautotech\/"]}]}},"_links":{"self":[{"href":"https:\/\/fachautotech.ch\/motorsport\/wp-json\/wp\/v2\/pages\/511","targetHints":{"allow":["GET"]}}],"collection":[{"href":"https:\/\/fachautotech.ch\/motorsport\/wp-json\/wp\/v2\/pages"}],"about":[{"href":"https:\/\/fachautotech.ch\/motorsport\/wp-json\/wp\/v2\/types\/page"}],"author":[{"embeddable":true,"href":"https:\/\/fachautotech.ch\/motorsport\/wp-json\/wp\/v2\/users\/2"}],"replies":[{"embeddable":true,"href":"https:\/\/fachautotech.ch\/motorsport\/wp-json\/wp\/v2\/comments?post=511"}],"version-history":[{"count":68,"href":"https:\/\/fachautotech.ch\/motorsport\/wp-json\/wp\/v2\/pages\/511\/revisions"}],"predecessor-version":[{"id":2903,"href":"https:\/\/fachautotech.ch\/motorsport\/wp-json\/wp\/v2\/pages\/511\/revisions\/2903"}],"wp:attachment":[{"href":"https:\/\/fachautotech.ch\/motorsport\/wp-json\/wp\/v2\/media?parent=511"}],"curies":[{"name":"wp","href":"https:\/\/api.w.org\/{rel}","templated":true}]}}

<p style="text-align: left">
<div class="row">
<p style="text-align: left">
<div class="col-xs-12 col-lg-6 text-center">
<h2 style="text-align: left">GT Open International</h2>
<p style="text-align: left">Die International GT Open ist eine der renommiertesten GT3-Rennserien Europas. Sie richtet sich an professionelle Fahrer, ambitionierte Nachwuchstalente sowie erfahrene Amateure und verbindet hochklassigen Motorsport mit internationaler Bühne.</p>
<p style="text-align: left">Gefahren wird auf bekannten Rennstrecken in ganz Europa, wobei leistungsstarke GT3-Fahrzeuge führender Hersteller zum Einsatz kommen. Die Serie steht für spannende Rennen, ein starkes Starterfeld und ein professionelles Umfeld, das sportlichen Wettbewerb und Markenpräsenz auf höchstem Niveau vereint.</p>
<p style="text-align: left"><strong>Kalender</strong></p>
<div style="text-align: left">
<p>16.04. – 19.04.2026   Portimao<br />15.05. – 17.05.2026   Spa-Francorchamps <br />05.06. – 07.06.2026   Misano<br />03.07. – 05.07.2026   Hungaroring<br />17.07. – 19.07.2026   Paul Ricard<br />11.09. – 13.09.2026   Hockenheim<br />25.09. – 27.09.2026   Monza<br />23.10. – 25.10.2026   Barcelona</p>
<p>Möchtest du die Action einmal live und hautnah erleben? Dann kontaktiere uns unter <strong data-start="369" data-end="394"><a class="decorated-link cursor-pointer" rel="noopener" data-start="371" data-end="392">neichenberger@fach.ch</a></strong></p>
</div>
<p style="text-align: left"></div>
</p>
<p style="text-align: left">
<div class="col-xs-12 col-lg-6 text-center">
<h2 style="text-align: left">Porsche Sports Cup Suisse</h2>
<p style="text-align: left">Der Porsche Sports Cup Suisse ist eine Schweizer Kundensportserie und schliesst die Lücke zwischen der Porsche Sport Driving School Suisse und den Porsche Markenpokalen. In den verschiedenen Klassen gehen für den Rennsport modifizierte Porsche-Modelle sowie Strassenvarianten ins Rennen. Ausgetragen wird die Porsche-Serie auf sechs renomierten Strecken rund um die Schweiz.</p>
<p style="text-align: left"><strong>Kalender</strong></p>
<div style="text-align: left">
<p>08.04. – 11.04.2026   Portimao<br />30.04. – 02.05.2026   Monza<br />26.06. – 28.06.2026   Imola<br />16.07. – 18.07.2026   Redbullring            <br />24.09. – 26.09.2026   Mugello               <br />22.10. – 24.10.2026  Misano</p>
</div>
<p style="text-align: left">
</div>
</p>
<p style="text-align: left">
</div>
</p>
<div class="row">
<div class="col-xs-12 col-lg-6 text-center">
<h2 style="text-align: left">Trackdays</h2>
<p style="text-align: left">Den Traum Wirklichkeit werden lassen und Rennwagen auf einer Rennstrecke zu fahren &#8211; das ist bei den Trackdays möglich.</p>
<p>Kontaktieren Sie und gerne für Infos zu geplanten Veranstaltungen.</p>
<div style="text-align: left">
</div>
</div>
</div></p>

<!-- This site is optimized with the Yoast SEO plugin v27.5 - https://yoast.com/product/yoast-seo-wordpress/ -->
<title>Saison - FACH AUTO TECH Motorsport</title>
<meta name="robots" content="index, follow, max-snippet:-1, max-image-preview:large, max-video-preview:-1" />
<link rel="canonical" href="https://fachautotech.ch/motorsport/saison/" />
<meta property="og:locale" content="de_DE" />
<meta property="og:type" content="article" />
<meta property="og:title" content="Saison - FACH AUTO TECH Motorsport" />
<meta property="og:url" content="https://fachautotech.ch/motorsport/saison/" />
<meta property="og:site_name" content="FACH AUTO TECH Motorsport" />
<meta property="article:publisher" content="https://www.facebook.com/fachautotech/" />
<meta property="article:modified_time" content="2026-04-16T09:58:15+00:00" />
<meta name="twitter:card" content="summary_large_image" />
<meta name="twitter:label1" content="Geschätzte Lesezeit" />
	<meta name="twitter:data1" content="2 Minuten" />
<script type="application/ld+json" class="yoast-schema-graph">{"@context":"https:\/\/schema.org","@graph":[{"@type":"WebPage","@id":"https:\/\/fachautotech.ch\/motorsport\/saison\/","url":"https:\/\/fachautotech.ch\/motorsport\/saison\/","name":"Saison - FACH AUTO TECH Motorsport","isPartOf":{"@id":"https:\/\/fachautotech.ch\/motorsport\/#website"},"datePublished":"2017-04-18T09:01:01+00:00","dateModified":"2026-04-16T09:58:15+00:00","breadcrumb":{"@id":"https:\/\/fachautotech.ch\/motorsport\/saison\/#breadcrumb"},"inLanguage":"de","potentialAction":[{"@type":"ReadAction","target":["https:\/\/fachautotech.ch\/motorsport\/saison\/"]}]},{"@type":"BreadcrumbList","@id":"https:\/\/fachautotech.ch\/motorsport\/saison\/#breadcrumb","itemListElement":[{"@type":"ListItem","position":1,"name":"Startseite","item":"https:\/\/fachautotech.ch\/motorsport\/"},{"@type":"ListItem","position":2,"name":"Saison"}]},{"@type":"WebSite","@id":"https:\/\/fachautotech.ch\/motorsport\/#website","url":"https:\/\/fachautotech.ch\/motorsport\/","name":"FACH AUTO TECH Motorsport","description":"","publisher":{"@id":"https:\/\/fachautotech.ch\/motorsport\/#organization"},"potentialAction":[{"@type":"SearchAction","target":{"@type":"EntryPoint","urlTemplate":"https:\/\/fachautotech.ch\/motorsport\/?s={search_term_string}"},"query-input":{"@type":"PropertyValueSpecification","valueRequired":true,"valueName":"search_term_string"}}],"inLanguage":"de"},{"@type":"Organization","@id":"https:\/\/fachautotech.ch\/motorsport\/#organization","name":"FACH AUTO TECH","url":"https:\/\/fachautotech.ch\/motorsport\/","logo":{"@type":"ImageObject","inLanguage":"de","@id":"https:\/\/fachautotech.ch\/motorsport\/#\/schema\/logo\/image\/","url":"https:\/\/fachautotech.ch\/wp-content\/uploads\/2017\/05\/FACH-AUTO-TECH-Logo_original.jpg","contentUrl":"https:\/\/fachautotech.ch\/wp-content\/uploads\/2017\/05\/FACH-AUTO-TECH-Logo_original.jpg","width":202,"height":31,"caption":"FACH AUTO TECH"},"image":{"@id":"https:\/\/fachautotech.ch\/motorsport\/#\/schema\/logo\/image\/"},"sameAs":["https:\/\/www.facebook.com\/fachautotech\/"]}]}</script>
<!-- / Yoast SEO plugin. -->
